17 is divided by 323.
322
What is the remainder when 284900 is divided by 23?
22
Calculate the remainder when 4700 is divided by 50.
0
What is the remainder when 75681 is divided by 479?
478
What is the remainder when 2382 is divided by 800?
782
What is the remainder when 6706 is divided by 5?
1
Calculate the remainder when 126333 is divided by 224.
221
What is the remainder when 103767 is divided by 136?
135
Calculate the remainder when 94206 is divided by 747.
84
Calculate the remainder when 515827 is divided by 47.
2
What is the remainder when 154164 is divided by 51385?
9
What is the remainder when 31717 is divided by 10570?
7
Calculate the remainder when 9282 is divided by 2303.
70
Calculate the remainder when 1868 is divided by 329.
223
What is the remainder when 39132 is divided by 1519?
1157
What is the remainder when 29754 is divided by 14?
4
What is the remainder when 110137 is divided by 822?
811
What is the remainder when 746840 is divided by 257?
255
What is the remainder when 13420 is divided by 24?
4
What is the remainder when 3551 is divided by 868?
79
Calculate the remainder when 163355 is divided by 22.
5
What is the remainder when 13336 is divided by 2659?
41
Calculate the remainder when 5898 is divided by 746.
676
What is the remainder when 2746 is divided by 579?
430
What is the remainder when 198495 is divided by 33081?
9
Calculate the remainder when 24872 is divided by 176.
56
Calculate the remainder when 2906 is divided by 1297.
312
What is the remainder when 532 is divided by 122?
44
What is the remainder when 2235 is divided by 162?
129
What is the remainder when 600 is divided by 41?
26
Calculate the remainder when 104227 is divided by 993.
955
What is the remainder when 967016 is divided by 30?
26
Calculate the remainder when 25210 is divided by 277.
3
Calculate the remainder when 1037 is divided by 405.
227
What is the remainder when 12638 is divided by 12623?
15
Calculate the remainder when 5908607 is divided by 46.
45
Calculate the remainder when 1634352 is divided by 15.
12
Calculate the remainder when 6556 is divided by 381.
79
What is the remainder when 7969 is divided by 28?
17
Calculate the remainder when 6285 is divided by 1340.
925
Calculate the remainder when 392520 is divided by 144.
120
Calculate the remainder when 342 is divided by 30.
12
Calculate the remainder when 15807 is divided by 263.
27
What is the remainder when 7947 is divided by 1686?
1203
Calculate the remainder when 50682 is divided by 264.
258
Calculate the remainder when 625645 is divided by 667.
666
Calculate the remainder when 2166 is divided by 8.
6
What is the remainder when 2905 is divided by 662?
257
What is the remainder when 4188 is divided by 1835?
518
Calculate the remainder when 417766 is divided by 12.
10
Calculate the remainder when 6685 is divided by 6481.
204
Calculate the remainder when 391969 is divided by 22.
17
Calculate the remainder when 3954 is divided by 278.
62
What is the remainder when 1910 is divided by 1714?
196
What is the remainder when 94089 is divided by 37?
35
Calculate the remainder when 3817 is divided by 932.
89
Calculate the remainder when 4896 is divided by 1379.
759
What is the remainder when 525631 is divided by 105122?
21
What is the remainder when 3366 is divided by 304?
22
What is the remainder when 128454 is divided by 16055?
14
What is the remainder when 331494 is divided by 34?
28
Calculate the remainder when 199757 is divided by 55.
52
Calculate the remainder when 27569 is divided by 428.
177
What is the remainder when 4497 is divided by 19?
13
Calculate the remainder when 45939 is divided by 345.
54
Calculate the remainder when 10551 is divided by 2.
1
What is the remainder when 683 is divided by 9?
8
Calculate the remainder when 382640 is divided by 81.
77
What is the remainder when 2782431 is divided by 87?
84
What is the remainder when 133287 is divided by 775?
762
Calculate the remainder when 157759 is divided by 202.
199
Calculate the remainder when 10472 is divided by 149.
42
Calculate the remainder when 2327 is divided by 1160.
7
Calculate the remainder when 1659329 is divided by 3.
2
What is the remainder when 1472 is divided by 485?
17
What is the remainder when 666 is divided by 76?
58
Calculate the remainder when 119696 is divided by 122.
14
Calculate the remainder when 8146 is divided by 406.
26
Calculate the remainder when 10168 is divided by 10117.
51
What is the remainder when 3139 is divided by 434?
101
Calculate the remainder when 17530 is divided by 54.
34
Calculate the remainder when 23915 is divided by 554.
93
Calculate the remainder when 73724 is divided by 141.
122
Calculate the remainder when 41266 is divided by 118.
84
What is the remainder when 3835 is divided by 343?
62
Calculate the remainder when 55079 is divided by 61.
57
Calculate the remainder when 29803 is divided by 7444.
27
What is the remainder when 6272 is divided by 80?
32
Calculate the remainder when 158366 is divided by 112.
110
What is the remainder when 95355 is divided by 21?
15
What is the remainder when 1987743 is divided by 29?
25
What is the remainder when 524003 is divided by 711?
707
Calculate the remainder when 2406 is divided by 418.
316
Calculate the remainder when 4180 is divided by 213.
133
What is the remainder when 956 is divided by 947?
9
What is the remainder when 20399 is divided by 2914?
1
Calculate the remainder when 9583 is divided by 3174.
61
Calculate the remainder when 428762 is divided by 428762.
0
Calculate the remainder when 6142 is divided by 3066.
10
Calculate the remainder when 1181 is divided by 246.
197
What is the remainder when 43224 is divided by 1?
0
What is the remainder when 24722 is divided by 158?
74
What is the remainder when 409499 is divided by 546?
545
Calculate the remainder when 7376 is divided by 435.
416
What is the remainder when 26147 is divided by 4308?
299
Calculate the remainder when 39342 is divided by 4371.
3
Calculate the remainder when 1953 is divided by 286.
237
Calculate the remainder when 21508 is divided by 6.
4
What is the remainder when 71587 is divided by 41?
1
Calculate the remainder when 8541 is divided by 429.
390
Calculate the remainder when 152482 is divided by 168.
106
What is the remainder when 55904 is divided by 182?
30
Calculate the remainder when 132572 is divided by 26.
24
Calculate the remainder when 12065 is divided by 334.
41
Calculate the remainder when 2147 is divided by 439.
391
Calculate the remainder when 16148 is divided by 1243.
1232
Calculate the remainder when 89367 is divided by 677.
3
What is the remainder when 166221 is divided by 25?
21
Calculate the remainder when 2442 is divided by 650.
492
Calculate the remainder when 87517 is divided by 818.
809
Calculate the remainder when 1273681 is divided by 1924.
1917
Calculate the remainder when 12270 is divided by 53.
27
Calculate the remainder when 11029 is divided by 1190.
319
Calculate the remainder when 22725 is divided by 16.
5
Calculate the remainder when 33943 is divided by 175.
168
What is the remainder when 178307 is divided by 323?
11
Calculate the remainder when 348 is divided by 55.
18
What is the remainder when 5028 is divided by 539?
177
What is the remainder when 425299 is divided by 20?
19
Calculate the remainder when 2735 is divided by 538.
45
Calculate the remainder when 15298 is divided by 1176.
10
Calculate the remainder when 476 is divided by 415.
61
What is the remainder when 31728 is divided by 43?
37
What is the remainder when 431127 is divided by 19?
17
What is the remainder when 60152 is divided by 38?
36
What is the remainder when 48436 is divided by 32?
20
Calculate the remainder when 39017 is divided by 68.
53
Calculate the remainder when 2759 is divided by 276.
275
Calculate the remainder when 149 is divided by 44.
17
Calculate the remainder when 6510 is divided by 271.
6
What is the remainder when 167541 is divided by 41880?
21
What is the remainder when 47739 is divided by 28?
27
What is the remainder when 394 is divided by 6?
4
What is the remainder when 16765 is divided by 215?
210
Calculate the remainder when 102151 is divided by 1032.
1015
Calculate the remainder when 479 is divided by 34.
3
What is the remainder when 4341 is 